{"id":1176,"date":"2022-04-14T03:40:23","date_gmt":"2022-04-14T03:40:23","guid":{"rendered":"https:\/\/robertocastellano.club\/academia\/?page_id=1176"},"modified":"2022-04-14T03:45:02","modified_gmt":"2022-04-14T03:45:02","slug":"vitamina-e","status":"publish","type":"page","link":"https:\/\/robertocastellano.club\/academia\/vitamina-e\/","title":{"rendered":"Vitamina E"},"content":{"rendered":"<p><img loading=\"lazy\" decoding=\"async\" class=\"alignnone wp-image-1178 size-full\" src=\"http:\/\/robertocastellano.club\/academia\/wp-content\/uploads\/2022\/04\/VITAMINAE.png\" alt=\"\" width=\"1200\" height=\"628\" srcset=\"https:\/\/robertocastellano.club\/academia\/wp-content\/uploads\/2022\/04\/VITAMINAE.png 1200w, https:\/\/robertocastellano.club\/academia\/wp-content\/uploads\/2022\/04\/VITAMINAE-300x157.png 300w, https:\/\/robertocastellano.club\/academia\/wp-content\/uploads\/2022\/04\/VITAMINAE-1024x536.png 1024w, https:\/\/robertocastellano.club\/academia\/wp-content\/uploads\/2022\/04\/VITAMINAE-768x402.png 768w\" sizes=\"auto, (max-width: 1200px) 100vw, 1200px\" \/><\/p>\n<p>En este art\u00edculo hecho por el MASmusculo Team <strong>se habla de la vitamina E<\/strong>, y<strong>\u00a0sus beneficios para la salud<\/strong>, sobre todo\u00a0<strong>para los deportistas<\/strong>.<\/p>\n<h2><span id=\"Composicion_y_Funciones\" class=\"ez-toc-section\"><\/span><strong>Composici\u00f3n y Funciones<\/strong><\/h2>\n<p>La<strong>\u00a0vitamina E agrupa diferentes compuestos<\/strong>, dentro de los cuales<strong>\u00a0se incluyen los tocoferoles y los tocotrienoles<\/strong>. Siendo la<strong>\u00a0forma predominante la \u03b1-tocoferol<\/strong>, que adem\u00e1s es la<strong>\u00a0m\u00e1s activa biol\u00f3gicamente<\/strong>.<\/p>\n<p>Esta <strong>vitamina<\/strong>\u00a0es\u00a0<strong>esencial<\/strong>\u00a0para nuestro\u00a0<strong>crecimiento y supervivencia<\/strong>, pero\u00a0<strong>el cuerpo humano no puede sintetizarla<\/strong>, y tiene que ser<strong>\u00a0ingerida unida a los l\u00edpidos con la dieta<\/strong>.<\/p>\n<h2><span id=\"Funcion_Antioxidante\" class=\"ez-toc-section\"><\/span><strong>Funci\u00f3n Antioxidante<\/strong><\/h2>\n<h4><span id=\"Vitamina_E,_coordinada_con_otras_moleculas_y_enzimas,_la_defensa_de_las_celulas_frente_a_los_efectos_nocivos_producidos_por_los_radicales_libres\" class=\"ez-toc-section\"><\/span>Ccordina con otras mol\u00e9culas y enzimas, la defensa de las c\u00e9lulas\u00a0frente a los efectos nocivos producidos por los radicales libres.<\/h4>\n<p><strong>Existen varias teor\u00edas<\/strong>\u00a0acerca de la funci\u00f3n de la vitamina E en el organismo, siendo la m\u00e1s aceptada que<strong>\u00a0la vitamina E act\u00faa coordinada con otras mol\u00e9culas y enzimas para la defensa de las c\u00e9lulas<\/strong>, (especialmente gl\u00f3bulos rojos, c\u00e9lulas musculares y c\u00e9lulas nerviosas)\u00a0<strong>frente a los efectos nocivos producidos por los radicales libres.<\/strong><\/p>\n<p>Esta actividad antioxidante radica en\u00a0<strong>su capacidad de protecci\u00f3n de las membranas celulares, impidiendo la oxidaci\u00f3n de las mismas por los radicales libres<\/strong>. Si se produjera esta\u00a0<strong>oxidaci\u00f3n<\/strong>, se<strong>\u00a0producir\u00eda<\/strong>\u00a0una degradaci\u00f3n del organismo, apareciendo\u00a0<strong>enfermedades card\u00edacas o posibles c\u00e1nceres<\/strong>.<\/p>\n<h2><span id=\"_Mas_Funciones_Vitamina_E_Fitness\" class=\"ez-toc-section\"><\/span><strong>M\u00e1s Funciones de la Vitamina E<\/strong><\/h2>\n<p>Adem\u00e1s, se han\u00a0 identificado\u00a0<strong>otras numerosas funciones del alfa-tocoferol<\/strong>, que no est\u00e1n relacionada con su capacidad antioxidante. Por ejemplo, se sabe que<strong>\u00a0inhibe la actividad de la prote\u00edna quinasa C \u201cenzima que participa en la proliferaci\u00f3n y diferenciaci\u00f3n celular en el m\u00fasculo\u201d<\/strong>.<\/p>\n<p>Adem\u00e1s parece que tambi\u00e9n\u00a0<strong>afecta a la<\/strong>\u00a0expresi\u00f3n y\u00a0<strong>actividad de mol\u00e9culas y enzimas en c\u00e9lulas inmunes<\/strong>\u00a0e inflamatorias. Y se ha demostrado que<strong>\u00a0inhibe la <\/strong>agregaci\u00f3n de plaquetas aumentando la vasodilataci\u00f3n.<\/p>\n<p>La<strong>\u00a0inhibici\u00f3n de la prote\u00edna quinasa<\/strong>\u00a0es muy importante\u00a0<strong>para el deportista<\/strong>, ya que se ha observado que la\u00a0<strong>deficiencia elevada de vitamina E aumenta el estr\u00e9s oxidativo en el m\u00fasculo esquel\u00e9tico<\/strong>, altera su composici\u00f3n y<strong>\u00a0causa<\/strong>\u00a0procesos de\u00a0<strong>degradaci\u00f3n e inflamaci\u00f3n<\/strong>\u00a0que\u00a0<strong>conducen a condiciones distr\u00f3ficas<\/strong>. As\u00ed que los<strong>\u00a0niveles adecuados de vitamina E<\/strong>\u00a0en las\u00a0<strong>c\u00e9lulas endoteliales<\/strong>\u00a0producen una serie de procesos que dan lugar a una\u00a0<strong>menor adhesi\u00f3n en el endotelio<\/strong>.<\/p>\n<p>Por tanto, como en\u00a0<strong>la pr\u00e1ctica de ejercicio f\u00edsico<\/strong>\u00a0intenso\u00a0<strong>da lugar a un aumento de la producci\u00f3n de radicales libres<\/strong>, es\u00a0<strong>necesario la vitamina E para neutralizarlos, y ayudar al m\u00fasculo a que funcione adecuadamente.<\/strong><\/p>\n<h2><span id=\"Fuentes_Alimentarias\" class=\"ez-toc-section\"><\/span><strong>Fuentes\u00a0Alimentarias<\/strong><\/h2>\n<p>Las fuentes alimentarias de la\u00a0<strong>vitamina E son principalmente<\/strong>:<\/p>\n<ul>\n<li><strong>Aceites vegetales<\/strong>: girasol, ma\u00edz, oliva y germen de trigo.<\/li>\n<li>Margarinas.<\/li>\n<li>Aceite de h\u00edgado de bacalao.<\/li>\n<li><strong>Huevo<\/strong>, sobre todo la<strong>\u00a0yema<\/strong>.<\/li>\n<li><strong>Cereale<\/strong>s: trigo y arroz integral.<\/li>\n<li><strong>Verduras como las espinacas<\/strong>\u00a0y el br\u00f3coli.<\/li>\n<li><strong>Frutos secos<\/strong>: almendras, nueces y cacahuetes.<\/li>\n<\/ul>\n<p>El nivel m\u00e1s alto recomendado de suplementaci\u00f3n\u00a0<strong>para adultos es de 155 UI\/d\u00eda<\/strong>\u00a0para sus formas naturales y\u00a0<strong>1000 UI\/d\u00eda para las formas sint\u00e9ticas.<\/strong><\/p>\n<p>La\u00a0<strong>transferencia de vitamina E se realiza mediante la interacci\u00f3n con receptores espec\u00edficos<\/strong>.\u00a0 Adem\u00e1s, tiene una\u00a0<strong>amplia distribuci\u00f3n por tejidos y c\u00e9lulas sangu\u00edneas<\/strong>, incorpor\u00e1ndose a las membranas celulares.\u00a0<strong>Y existen reservas<\/strong>\u00a0en el<strong>\u00a0tejido adiposo<\/strong>, siendo esta la principal reserva; en\u00a0<strong>el h\u00edgado y en el tejido muscular<\/strong>.<\/p>\n<h4 style=\"text-align: center;\"><a href=\"https:\/\/robertocastellano.club\/academia\/9-1-1-antioxidantes\/\">VOLVER AL MENU DE ANTIOXIDANTES<\/a><\/h4>\n","protected":false},"excerpt":{"rendered":"<p>En este art\u00edculo hecho por el MASmusculo Team se habla de la vitamina E, y\u00a0sus beneficios para la salud, sobre todo\u00a0para los deportistas. Composici\u00f3n y Funciones La\u00a0vitamina E agrupa diferentes compuestos, dentro<a class=\"moretag\" href=\"https:\/\/robertocastellano.club\/academia\/vitamina-e\/\">Leer m\u00e1s&#8230;<\/a><\/p>\n","protected":false},"author":1,"featured_media":0,"parent":0,"menu_order":0,"comment_status":"closed","ping_status":"closed","template":"","meta":{"footnotes":""},"class_list":["post-1176","page","type-page","status-publish","hentry"],"_links":{"self":[{"href":"https:\/\/robertocastellano.club\/academia\/wp-json\/wp\/v2\/pages\/1176","targetHints":{"allow":["GET"]}}],"collection":[{"href":"https:\/\/robertocastellano.club\/academia\/wp-json\/wp\/v2\/pages"}],"about":[{"href":"https:\/\/robertocastellano.club\/academia\/wp-json\/wp\/v2\/types\/page"}],"author":[{"embeddable":true,"href":"https:\/\/robertocastellano.club\/academia\/wp-json\/wp\/v2\/users\/1"}],"replies":[{"embeddable":true,"href":"https:\/\/robertocastellano.club\/academia\/wp-json\/wp\/v2\/comments?post=1176"}],"version-history":[{"count":2,"href":"https:\/\/robertocastellano.club\/academia\/wp-json\/wp\/v2\/pages\/1176\/revisions"}],"predecessor-version":[{"id":1179,"href":"https:\/\/robertocastellano.club\/academia\/wp-json\/wp\/v2\/pages\/1176\/revisions\/1179"}],"wp:attachment":[{"href":"https:\/\/robertocastellano.club\/academia\/wp-json\/wp\/v2\/media?parent=1176"}],"curies":[{"name":"wp","href":"https:\/\/api.w.org\/{rel}","templated":true}]}}