{"id":1691,"date":"2022-07-30T07:24:32","date_gmt":"2022-07-30T07:24:32","guid":{"rendered":"https:\/\/robertocastellano.club\/academia\/?page_id=1691"},"modified":"2022-07-30T08:16:44","modified_gmt":"2022-07-30T08:16:44","slug":"15-2-marketing","status":"publish","type":"page","link":"https:\/\/robertocastellano.club\/academia\/15-2-marketing\/","title":{"rendered":"15-2, Marketing"},"content":{"rendered":"<p><img loading=\"lazy\" decoding=\"async\" class=\"alignnone size-full wp-image-1705\" src=\"http:\/\/robertocastellano.club\/academia\/wp-content\/uploads\/2022\/07\/marketing.jpg\" alt=\"\" width=\"1200\" height=\"421\" srcset=\"https:\/\/robertocastellano.club\/academia\/wp-content\/uploads\/2022\/07\/marketing.jpg 1200w, https:\/\/robertocastellano.club\/academia\/wp-content\/uploads\/2022\/07\/marketing-300x105.jpg 300w, https:\/\/robertocastellano.club\/academia\/wp-content\/uploads\/2022\/07\/marketing-1024x359.jpg 1024w, https:\/\/robertocastellano.club\/academia\/wp-content\/uploads\/2022\/07\/marketing-768x269.jpg 768w\" sizes=\"auto, (max-width: 1200px) 100vw, 1200px\" \/><\/p>\n<p>Los medios que disponemos en el marketing podr\u00edan ser las redes sociales, pero seg\u00fan lo que este m\u00e1s de modo. Independiente que tengas una web o un blog, siempre paremos por la telara\u00f1a de las redes&#8230; para mi el que est\u00e1 de modo es el Instagram&#8230;<\/p>\n<ul>\n<li>Por un lado deber\u00edas promocionar lo que nosotros sabemos y nuestras experiencias orientado en el p\u00fablico objetivo. La gente te contratar\u00e1 por lo que sabes, sino por lo que creen que sabes, por tanto tu contenido debe ser de calidad.<\/li>\n<li>Por otro lado hoy los medios permiten meter publicidad incrustada en los propios contenidos, lo que te ayuda a tener difusi\u00f3n.<\/li>\n<li>De cierto modo, podr\u00edas poster el resultado de vuestros clientes lo que te empezar\u00e1 a dar reputaci\u00f3n.<\/li>\n<\/ul>\n\r\n    <div>        \r\n    <video id=\"plyr69f87b8b584ac\" controls class=\"easy-video-player\">\r\n       <source src=\"https:\/\/robertocastellano.club\/academia\/bloque15\/v15-2.mp4\" type=\"video\/mp4\" \/>\r\n    <\/video>\r\n    <\/div>    <script>\r\n        const evplayerplyr69f87b8b584ac = new Plyr(document.getElementById('plyr69f87b8b584ac'));\r\n        evplayerplyr69f87b8b584ac.ratio = '16:9';\r\n        evplayerplyr69f87b8b584ac.iconUrl = 'https:\/\/robertocastellano.club\/academia\/wp-content\/plugins\/easy-video-player\/lib\/plyr.svg';\r\n        evplayerplyr69f87b8b584ac.blankVideo = 'https:\/\/robertocastellano.club\/academia\/wp-content\/plugins\/easy-video-player\/lib\/blank.mp4';  \r\n    <\/script>\n<h4 style=\"text-align: center;\"><a href=\"https:\/\/robertocastellano.club\/academia\/bloque-15\/\">VOLVER AL MEN\u00da<\/a><\/h4>\n","protected":false},"excerpt":{"rendered":"<p>Los medios que disponemos en el marketing podr\u00edan ser las redes sociales, pero seg\u00fan lo que este m\u00e1s de modo. Independiente que tengas una web o un blog, siempre paremos por la<a class=\"moretag\" href=\"https:\/\/robertocastellano.club\/academia\/15-2-marketing\/\">Leer m\u00e1s&#8230;<\/a><\/p>\n","protected":false},"author":1,"featured_media":0,"parent":0,"menu_order":0,"comment_status":"closed","ping_status":"closed","template":"","meta":{"footnotes":""},"class_list":["post-1691","page","type-page","status-publish","hentry"],"_links":{"self":[{"href":"https:\/\/robertocastellano.club\/academia\/wp-json\/wp\/v2\/pages\/1691","targetHints":{"allow":["GET"]}}],"collection":[{"href":"https:\/\/robertocastellano.club\/academia\/wp-json\/wp\/v2\/pages"}],"about":[{"href":"https:\/\/robertocastellano.club\/academia\/wp-json\/wp\/v2\/types\/page"}],"author":[{"embeddable":true,"href":"https:\/\/robertocastellano.club\/academia\/wp-json\/wp\/v2\/users\/1"}],"replies":[{"embeddable":true,"href":"https:\/\/robertocastellano.club\/academia\/wp-json\/wp\/v2\/comments?post=1691"}],"version-history":[{"count":4,"href":"https:\/\/robertocastellano.club\/academia\/wp-json\/wp\/v2\/pages\/1691\/revisions"}],"predecessor-version":[{"id":1706,"href":"https:\/\/robertocastellano.club\/academia\/wp-json\/wp\/v2\/pages\/1691\/revisions\/1706"}],"wp:attachment":[{"href":"https:\/\/robertocastellano.club\/academia\/wp-json\/wp\/v2\/media?parent=1691"}],"curies":[{"name":"wp","href":"https:\/\/api.w.org\/{rel}","templated":true}]}}